{"id":89,"date":"2025-11-23T19:44:18","date_gmt":"2025-11-23T18:44:18","guid":{"rendered":"https:\/\/madame-davechi.com\/?page_id=89"},"modified":"2025-12-17T22:58:34","modified_gmt":"2025-12-17T21:58:34","slug":"portfolio","status":"publish","type":"page","link":"https:\/\/madame-davechi.com\/index.php\/portfolio\/","title":{"rendered":"Portfolio"},"content":{"rendered":"\t\t<div data-elementor-type=\"wp-page\" data-elementor-id=\"89\" class=\"elementor elementor-89\">\n\t\t\t\t<div class=\"elementor-element elementor-element-112fc6f e-flex e-con-boxed e-con e-parent\" data-id=\"112fc6f\" data-element_type=\"container\">\n\t\t\t\t\t<div class=\"e-con-inner\">\n\t\t\t\t<div class=\"elementor-element elementor-element-3c638ae elementor-widget elementor-widget-heading\" data-id=\"3c638ae\" data-element_type=\"widget\" data-widget_type=\"heading.default\">\n\t\t\t\t<div class=\"elementor-widget-container\">\n\t\t\t\t\t<h2 class=\"elementor-heading-title elementor-size-default\">Portfolio-\u0152uvres &amp; Cr\u00e9ations<\/h2>\t\t\t\t<\/div>\n\t\t\t\t<\/div>\n\t\t\t\t\t<\/div>\n\t\t\t\t<\/div>\n\t\t<div class=\"elementor-element elementor-element-92bbf3e e-flex e-con-boxed e-con e-parent\" data-id=\"92bbf3e\" data-element_type=\"container\">\n\t\t\t\t\t<div class=\"e-con-inner\">\n\t\t<div class=\"elementor-element elementor-element-3f891e2 e-con-full e-flex e-con e-child\" data-id=\"3f891e2\" data-element_type=\"container\">\n\t\t\t\t<div class=\"elementor-element elementor-element-84dde67 elementor-widget elementor-widget-text-editor\" data-id=\"84dde67\" data-element_type=\"widget\" data-widget_type=\"text-editor.default\">\n\t\t\t\t<div class=\"elementor-widget-container\">\n\t\t\t\t\t\t\t\t\t<p>Femmes, m\u00e9moire et renaissance \u2014 une peinture o\u00f9 le corps devient un territoire sacr\u00e9, o\u00f9 la lumi\u00e8re traverse la blessure, et o\u00f9 la nature murmure par les grenades et les oiseaux bleus.<\/p>\t\t\t\t\t\t\t\t<\/div>\n\t\t\t\t<\/div>\n\t\t\t\t<\/div>\n\t\t<div class=\"elementor-element elementor-element-9fc977c e-con-full e-flex e-con e-child\" data-id=\"9fc977c\" data-element_type=\"container\">\n\t\t\t\t<div class=\"elementor-element elementor-element-243091e elementor-widget elementor-widget-image\" data-id=\"243091e\" data-element_type=\"widget\" data-widget_type=\"image.default\">\n\t\t\t\t<div class=\"elementor-widget-container\">\n\t\t\t\t\t\t\t\t\t\t\t\t\t\t\t<img fetchpriority=\"high\" decoding=\"async\" width=\"768\" height=\"1024\" src=\"https:\/\/madame-davechi.com\/wp-content\/uploads\/2025\/11\/att.4BkyKaXsKpRKAGz15z_w7xzmg2O6Tbf9b0ZylniTWQc-768x1024.jpeg\" class=\"attachment-large size-large wp-image-111\" alt=\"\" srcset=\"https:\/\/madame-davechi.com\/wp-content\/uploads\/2025\/11\/att.4BkyKaXsKpRKAGz15z_w7xzmg2O6Tbf9b0ZylniTWQc-768x1024.jpeg 768w, https:\/\/madame-davechi.com\/wp-content\/uploads\/2025\/11\/att.4BkyKaXsKpRKAGz15z_w7xzmg2O6Tbf9b0ZylniTWQc-225x300.jpeg 225w, https:\/\/madame-davechi.com\/wp-content\/uploads\/2025\/11\/att.4BkyKaXsKpRKAGz15z_w7xzmg2O6Tbf9b0ZylniTWQc-1152x1536.jpeg 1152w, https:\/\/madame-davechi.com\/wp-content\/uploads\/2025\/11\/att.4BkyKaXsKpRKAGz15z_w7xzmg2O6Tbf9b0ZylniTWQc.jpeg 1536w\" sizes=\"(max-width: 768px) 100vw, 768px\" \/>\t\t\t\t\t\t\t\t\t\t\t\t\t\t\t<\/div>\n\t\t\t\t<\/div>\n\t\t\t\t<\/div>\n\t\t\t\t\t<\/div>\n\t\t\t\t<\/div>\n\t\t<div class=\"elementor-element elementor-element-b7216b6 e-flex e-con-boxed e-con e-parent\" data-id=\"b7216b6\" data-element_type=\"container\">\n\t\t\t\t\t<div class=\"e-con-inner\">\n\t\t<div class=\"elementor-element elementor-element-21fd930 e-con-full e-flex e-con e-child\" data-id=\"21fd930\" data-element_type=\"container\">\n\t\t\t\t<div class=\"elementor-element elementor-element-52808ef elementor-widget elementor-widget-image\" data-id=\"52808ef\" data-element_type=\"widget\" data-widget_type=\"image.default\">\n\t\t\t\t<div class=\"elementor-widget-container\">\n\t\t\t\t\t\t\t\t\t\t\t\t\t\t\t<img decoding=\"async\" width=\"576\" height=\"1024\" src=\"https:\/\/madame-davechi.com\/wp-content\/uploads\/2025\/12\/IMG_7050-576x1024.jpeg\" class=\"attachment-large size-large wp-image-184\" alt=\"\" srcset=\"https:\/\/madame-davechi.com\/wp-content\/uploads\/2025\/12\/IMG_7050-576x1024.jpeg 576w, https:\/\/madame-davechi.com\/wp-content\/uploads\/2025\/12\/IMG_7050-169x300.jpeg 169w, https:\/\/madame-davechi.com\/wp-content\/uploads\/2025\/12\/IMG_7050-768x1366.jpeg 768w, https:\/\/madame-davechi.com\/wp-content\/uploads\/2025\/12\/IMG_7050-863x1536.jpeg 863w, https:\/\/madame-davechi.com\/wp-content\/uploads\/2025\/12\/IMG_7050.jpeg 887w\" sizes=\"(max-width: 576px) 100vw, 576px\" \/>\t\t\t\t\t\t\t\t\t\t\t\t\t\t\t<\/div>\n\t\t\t\t<\/div>\n\t\t\t\t<\/div>\n\t\t<div class=\"elementor-element elementor-element-62c5eef e-con-full e-flex e-con e-child\" data-id=\"62c5eef\" data-element_type=\"container\">\n\t\t\t\t<div class=\"elementor-element elementor-element-7126d2f elementor-widget elementor-widget-heading\" data-id=\"7126d2f\" data-element_type=\"widget\" data-widget_type=\"heading.default\">\n\t\t\t\t<div class=\"elementor-widget-container\">\n\t\t\t\t\t<h2 class=\"elementor-heading-title elementor-size-default\"><p style=\"margin-bottom: 12px;font-style: normal;font-size: 12px;line-height: normal\"><span style=\"font-family: Courgette, sans-serif;font-size: 20px;font-style: inherit;text-align: var(--text-align)\"><\/span><\/p>Robe de mari\u00e9e \u2013 une cr\u00e9ation d\u00e9licate entre art et couture<\/h2>\t\t\t\t<\/div>\n\t\t\t\t<\/div>\n\t\t\t\t<\/div>\n\t\t\t\t\t<\/div>\n\t\t\t\t<\/div>\n\t\t<div class=\"elementor-element elementor-element-591a08a e-flex e-con-boxed e-con e-parent\" data-id=\"591a08a\" data-element_type=\"container\">\n\t\t\t\t\t<div class=\"e-con-inner\">\n\t\t\t\t<div class=\"elementor-element elementor-element-390f24f elementor-widget elementor-widget-image\" data-id=\"390f24f\" data-element_type=\"widget\" data-widget_type=\"image.default\">\n\t\t\t\t<div class=\"elementor-widget-container\">\n\t\t\t\t\t\t\t\t\t\t\t\t\t\t\t<img decoding=\"async\" width=\"768\" height=\"1024\" src=\"https:\/\/madame-davechi.com\/wp-content\/uploads\/2025\/11\/IMG_2619-768x1024.jpeg\" class=\"attachment-large size-large wp-image-72\" alt=\"\" srcset=\"https:\/\/madame-davechi.com\/wp-content\/uploads\/2025\/11\/IMG_2619-768x1024.jpeg 768w, https:\/\/madame-davechi.com\/wp-content\/uploads\/2025\/11\/IMG_2619-225x300.jpeg 225w, https:\/\/madame-davechi.com\/wp-content\/uploads\/2025\/11\/IMG_2619.jpeg 960w\" sizes=\"(max-width: 768px) 100vw, 768px\" \/>\t\t\t\t\t\t\t\t\t\t\t\t\t\t\t<\/div>\n\t\t\t\t<\/div>\n\t\t\t\t\t<\/div>\n\t\t\t\t<\/div>\n\t\t<div class=\"elementor-element elementor-element-8143b6d e-flex e-con-boxed e-con e-parent\" data-id=\"8143b6d\" data-element_type=\"container\">\n\t\t\t\t\t<div class=\"e-con-inner\">\n\t\t\t\t<div class=\"elementor-element elementor-element-3a3f026 elementor-widget elementor-widget-heading\" data-id=\"3a3f026\" data-element_type=\"widget\" data-widget_type=\"heading.default\">\n\t\t\t\t<div class=\"elementor-widget-container\">\n\t\t\t\t\t<h2 class=\"elementor-heading-title elementor-size-default\">Arbre de vie \u2014 un fragment de m\u00e9moire persane, peint \u00e0 la main, o\u00f9 les racines deviennent des chemins vers la lumi\u00e8re.<\/h2>\t\t\t\t<\/div>\n\t\t\t\t<\/div>\n\t\t\t\t\t<\/div>\n\t\t\t\t<\/div>\n\t\t<div class=\"elementor-element elementor-element-30367b5 e-flex e-con-boxed e-con e-parent\" data-id=\"30367b5\" data-element_type=\"container\">\n\t\t\t\t\t<div class=\"e-con-inner\">\n\t\t<div class=\"elementor-element elementor-element-637e42c e-con-full e-flex e-con e-child\" data-id=\"637e42c\" data-element_type=\"container\">\n\t\t\t\t<\/div>\n\t\t<div class=\"elementor-element elementor-element-96dfffe e-con-full e-flex e-con e-child\" data-id=\"96dfffe\" data-element_type=\"container\">\n\t\t\t\t<\/div>\n\t\t\t\t\t<\/div>\n\t\t\t\t<\/div>\n\t\t\t\t<\/div>\n\t\t","protected":false},"excerpt":{"rendered":"<p>Portfolio-\u0152uvres &amp; Cr\u00e9ations Femmes, m\u00e9moire et renaissance \u2014 une peinture o\u00f9 le corps devient un territoire sacr\u00e9, o\u00f9 la lumi\u00e8re [&hellip;]<\/p>\n","protected":false},"author":1,"featured_media":0,"parent":0,"menu_order":0,"comment_status":"closed","ping_status":"closed","template":"","meta":{"site-sidebar-layout":"no-sidebar","site-content-layout":"","ast-site-content-layout":"full-width-container","site-content-style":"default","site-sidebar-style":"default","ast-global-header-display":"","ast-banner-title-visibility":"","ast-main-header-display":"","ast-hfb-above-header-display":"","ast-hfb-below-header-display":"","ast-hfb-mobile-header-display":"","site-post-title":"","ast-breadcrumbs-content":"","ast-featured-img":"disabled","footer-sml-layout":"","theme-transparent-header-meta":"","adv-header-id-meta":"","stick-header-meta":"","header-above-stick-meta":"","header-main-stick-meta":"","header-below-stick-meta":"","astra-migrate-meta-layouts":"default","ast-page-background-enabled":"default","ast-page-background-meta":{"desktop":{"background-color":"var(--ast-global-color-5)","background-image":"","background-repeat":"repeat","background-position":"center center","background-size":"auto","background-attachment":"scroll","background-type":"","background-media":"","overlay-type":"","overlay-color":"","overlay-opacity":"","overlay-gradient":""},"tablet":{"background-color":"","background-image":"","background-repeat":"repeat","background-position":"center center","background-size":"auto","background-attachment":"scroll","background-type":"","background-media":"","overlay-type":"","overlay-color":"","overlay-opacity":"","overlay-gradient":""},"mobile":{"background-color":"","background-image":"","background-repeat":"repeat","background-position":"center center","background-size":"auto","background-attachment":"scroll","background-type":"","background-media":"","overlay-type":"","overlay-color":"","overlay-opacity":"","overlay-gradient":""}},"ast-content-background-meta":{"desktop":{"background-color":"var(--ast-global-color-4)","background-image":"","background-repeat":"repeat","background-position":"center center","background-size":"auto","background-attachment":"scroll","background-type":"","background-media":"","overlay-type":"","overlay-color":"","overlay-opacity":"","overlay-gradient":""},"tablet":{"background-color":"var(--ast-global-color-4)","background-image":"","background-repeat":"repeat","background-position":"center center","background-size":"auto","background-attachment":"scroll","background-type":"","background-media":"","overlay-type":"","overlay-color":"","overlay-opacity":"","overlay-gradient":""},"mobile":{"background-color":"var(--ast-global-color-4)","background-image":"","background-repeat":"repeat","background-position":"center center","background-size":"auto","background-attachment":"scroll","background-type":"","background-media":"","overlay-type":"","overlay-color":"","overlay-opacity":"","overlay-gradient":""}},"footnotes":""},"class_list":["post-89","page","type-page","status-publish","hentry"],"_links":{"self":[{"href":"https:\/\/madame-davechi.com\/index.php\/wp-json\/wp\/v2\/pages\/89","targetHints":{"allow":["GET"]}}],"collection":[{"href":"https:\/\/madame-davechi.com\/index.php\/wp-json\/wp\/v2\/pages"}],"about":[{"href":"https:\/\/madame-davechi.com\/index.php\/wp-json\/wp\/v2\/types\/page"}],"author":[{"embeddable":true,"href":"https:\/\/madame-davechi.com\/index.php\/wp-json\/wp\/v2\/users\/1"}],"replies":[{"embeddable":true,"href":"https:\/\/madame-davechi.com\/index.php\/wp-json\/wp\/v2\/comments?post=89"}],"version-history":[{"count":13,"href":"https:\/\/madame-davechi.com\/index.php\/wp-json\/wp\/v2\/pages\/89\/revisions"}],"predecessor-version":[{"id":193,"href":"https:\/\/madame-davechi.com\/index.php\/wp-json\/wp\/v2\/pages\/89\/revisions\/193"}],"wp:attachment":[{"href":"https:\/\/madame-davechi.com\/index.php\/wp-json\/wp\/v2\/media?parent=89"}],"curies":[{"name":"wp","href":"https:\/\/api.w.org\/{rel}","templated":true}]}}